 2406, 4*q - 5*s - 3205 = 0. What is the tens digit of q?
0
Let d(n) = -8 - 3*n + 4 - 9. What is the tens digit of d(-12)?
2
Let z be 2848/6 - ((-2)/6)/1. Let c = -326 + z. What is the units digit of c?
9
Suppose -5145 + 572 = -17*n. What is the hundreds digit of n?
2
Suppose -5*w = 4*x + 44, -2*w + x = w + 23. Let r = w - -11. Suppose -r*m + 48 = m. What is the units digit of m?
2
Let g(c) = 0*c**2 + c**3 + c - 2*c + 3*c**2 - 4 + c**2. Let k be g(3). Suppose -10 - k = -3*f. What is the tens digit of f?
2
Suppose 0 = 4*b - 20, -5*l - 4*b + 285 = b. What is the units digit of l?
2
Suppose -3*y - 5 = -4*y + 2*w, -2*w = 2. Suppose -2*d - 143 = -y*l, 2*l = -2*l - 5*d + 160. What is the tens digit of l?
4
Let p(m) = -113*m + 8. What is the hundreds digit of p(-2)?
2
Let k(u) = 7*u + 10*u**2 + u**3 - 7 - u**3 - 11*u**2 - 4*u**3. What is the tens digit of k(-4)?
0
Suppose 6796 = 13*v - 16799. What is the units digit of v?
5
Suppose -15512 = -8*w - 20*w. What is the hundreds digit of w?
5
Let k = 6651 - 3835. What is the hundreds digit of k?
8
Let n = -2570 - -5200. What is the units digit of n?
0
Let a = -16 + 24. What is the units digit of (1 + 3)/(a/12)?
6
Let k be ((-3)/(-6))/((-4)/(-184)). Suppose -2*m - 5*u = -21, -5*u - k = -5*m + 12. What is the units digit of (-2)/(m/(-12)) - -17?
0
What is the hundreds digit of ((-175)/21)/(2/(-48))?
2
Let w(x) = x**3 + 27*x**2 + 19*x + 133. What is the thousands digit of w(-23)?
1
Let s be (1 - -5)*22/(-33). What is the tens digit of (-465)/s + (-66)/(-88)?
1
Let g = -2035 - -3476. What is the units digit of g?
1
Let j(z) = -210*z + 33. What is the tens digit of j(-5)?
8
Suppose -9*p + 4618 = 10. What is the units digit of p?
2
Let x(u) = -7*u - 1. Let w be x(6). Let v = w - -61. What is the units digit of v?
8
Let k(c) be the first derivative of 7*c**5/120 - c**4/12 + 4*c**3/3 + 2. Let y(f) be the third derivative of k(f). What is the units digit of y(4)?
6
Let r(a) = -a**3 + 2*a**2 + 8*a - 10. Let t be r(4). Let k(s) = -2*s - 12. What is the units digit of k(t)?
8
Suppose 0 = 2*j - j - 8. Suppose 3*f - 20 = -5*x, -3*x + 0*f + j = f. Suppose -x - 2 = -3*o. What is the units digit of o?
1
Let p = 1932 + -1083. What is the tens digit of p?
4
Let q be ((-196)/8 - -3)*-4. Let v = -18 + q. What is the tens digit of v?
6
Suppose 5*i - 5*h = 3390, 3*i = -5*h + 2440 - 414. Suppose -8*s = -i + 117. What is the tens digit of s?
7
Let u be (-1539)/(-24) - 4/32. Let t = u - 39. What is the tens digit of t?
2
Let r be ((-10)/(-6))/(-5)*-6. Let i be (-9)/(-3*1/r). Suppose -9*g = -7*g - i. What is the units digit of g?
3
Let u(a) = 2*a**2 - 4*a. Suppose -10 + 1 = -3*l. What is the units digit of u(l)?
6
Suppose -3*z - 1 = 5*d + 15, 2 = 2*d - 3*z. What is the units digit of (115*2)/(d + 4)?
5
Let k(z) = -15*z + z**3 - 28 + 4*z - 8*z + 14*z**2. Suppose -h - 4*t = 11, 4*t = 4*h - 0*t + 64. What is the units digit of k(h)?
2
Let l = 54 - 50. Suppose -119 = -5*g + 3*r + 666, -l*r = 0. What is the tens digit of g?
5
Let m be (1 - (-17 - 3)) + 1*-2. Let d(k) = -k**3 - 6*k**2 + 7*k + 8. Let j be d(-7). Let r = m - j. What is the units digit of r?
1
Let g = -1284 - -5181. What is the hundreds digit of g?
8
Let j(l) = l**2 - 21*l + 42. Let k be j(19). Suppose q = -k*x + 297 + 672, 0 = 3*x - 5*q - 721. What is the units digit of x?
2
Let z(a) = -a**2 - 10*a - 5. Let r be z(-9). What is the tens digit of (0 - (r + -3))*-65?
6
Let r(l) = 7*l**2 - 5*l + 2. Let a(u) = u. Let m(f) = 4*a(f) + r(f). Let k be m(1). What is the tens digit of 4/k*32*1?
1
Let a(u) = 176*u + 4. What is the tens digit of a(3)?
3
Suppose 110*r - 41692 = 96*r. What is the tens digit of r?
7
Let t(q) = 8*q - 1 + 26 - 14*q - 18*q. What is the units digit of t(-5)?
5
Let o(q) = -q - 651*q**2 - q**3 + 656*q**2 + 6 + 8*q. What is the units digit of o(4)?
0
Suppose 17 = 3*l + 59. Let q = 31 - l. What is the units digit of q?
5
Let s(v) = 5*v + 4. Suppose -3*n + 16 = 1. Suppose 5*d - n - 10 = 0. What is the tens digit of s(d)?
1
Let x(u) = -u**3 + 5*u**2 - u - 9. Let r be x(4). What is the units digit of (2 + r/(-2))/(3/132)?
2
Suppose 0 = w - 114 - 39. What is the tens digit of w?
5
Let k(u) = u**3 - 9*u**2 - 24*u + 24. What is the hundreds digit of k(13)?
3
Let r(v) = v**3 - 22*v**2 - 8*v + 80. What is the units digit of r(24)?
0
Let z(i) = -20*i - 35. Let d be 32/(-6) - 12/(-36). What is the units digit of z(d)?
5
Let x = -23 + 33. Let t be (-5)/(-2)*(-42)/15. What is the tens digit of (12/x)/(t/(-140))?
2
Suppose 2*o + 3*d - 591 - 1140 = 0, 5 = d. Suppose 0 = 9*h - 3*h - o. What is the hundreds digit of h?
1
Let c be -1 + -15*2/(-3). Let x(i) be the second derivative of -i**4/12 + 5*i**3/3 - 7*i**2/2 - 3*i + 2. What is the units digit of x(c)?
2
Let h be 2/6 + 32/(-6). Suppose 0 = 4*a + 4*o - 292, -6*o + 4*o - 58 = -a. Let u = h + a. What is the units digit of u?
3
Suppose 7 - 1 = j. Let f be 1/(-2 - (-7)/4). Let m = j + f. What is the units digit of m?
2
What is the hundreds digit of ((-1752)/1022)/(3/(-5768))?
2
Suppose 179 = -7*w + 8*w. Let v = -98 + w. What is the units digit of v?
1
Let s(p) = p**3 - 3*p**2 + 2. Let t be s(3). Suppose 5*k + 10 = -8*r + 4*r, t*k - 13 = -5*r. What is the tens digit of 24/14*(-105)/k?
3
Let m be 20/(1 - -1 - 1). Suppose -5*n = -n - m. What is the tens digit of (-300)/(-8)*4/n?
3
Let f = -14 - -18. Let v(i) = 3*i**3 - 7*i**2 + 3*i + 5. Let w be v(f). Suppose 0 = 3*c - w - 2. What is the units digit of c?
3
Let w(k) = -k**2 + 6*k + 4. Let t be w(7). What is the tens digit of 85/10*1/(t/(-6))?
1
Let u(y) = 710*y**2 - 2. Let c be u(1). What is the units digit of (c/8)/((-6)/(-4))?
9
What is the tens digit of ((-10)/4)/((-100)/160) + 72?
7
Let t(r) = -r**2 + 4*r + 11. Let z be t(6). What is the tens digit of (-7 + 1 + z)*1056/(-112)?
6
Let i = 0 - -3. Let b be ((-9)/i)/1 + -33. What is the tens digit of (-4)/(-6) + (-336)/b?
1
What is the tens digit of (-102 - (15 - 13))/((-4)/46)?
9
Suppose 0 = -3*p - g - 17, 4*p + 5*g + 8 = -0*g. Let w = -3 - p. Suppose t - w*t = -42. What is the units digit of t?
4
Suppose z = -3*z + 48. Suppose 0 = 3*s - 4*s - z. What is the units digit of 4/12 + (-32)/s?
3
Let h(b) = -b**3 - 4*b**2 - 3*b - 9. Let s be h(-4). Suppose 0 = q - s*q + 98. What is the units digit of q?
9
Suppose 644 = -15*t + 16*t. What is the tens digit of t?
4
Let g(q) = 10*q**2 - q - 2. Let m(x) = 30*x**2 - 3*x - 6. Suppose 2*u + 2*a = -u + 28, 15 = 3*a. Let s(o) = u*m(o) - 17*g(o). What is the units digit of s(-1)?
9
Let i(s) = 4*s**2 - 2*s - 2*s + 6 - 2*s**2 - 3*s**2. Let t be i(-5). Let p = 53 + t. What is the tens digit of p?
5
Suppose -3*m - 23 = 5*s + 13, 5*m + 50 = -5*s. Let g(u) = 14 + 0 + 2*u + 1. What is the units digit of g(m)?
1
Let t(c) = -c + 5. Let i be (10/(-25))/((-1)/15). Let d be t(i). Let n(g) = 9*g**2 - g - 1. What is the units digit of n(d)?
9
What is the thousands digit of (-24)/60 + 17447/5 + -3?
3
Suppose x = 5*v - 2666, v - 2*v - 2*x + 531 = 0. What is the tens digit of v?
3
Let k = 536 + -489. What is the tens digit of k?
4
Let c = 609 + -241. What is the hundreds digit of c?
3
Let n(b) = 10*b**2 + 14*b - 8. What is the units digit of n(-7)?
4
Suppose 30 = -2*a - 0*a. Let g be (a/(-6))/(3/12). Suppose g*p - 22 = 8*p. What is the units digit of p?
1
Let m(u) = 3*u**3 - 2*u**2 - 4. Suppose 0 = -9*a - 18 + 45. What is the units digit of m(a)?
9
Let v = -363 + 751. What is the units digit of v?
8
Let b be ((-2)/8)/(14/(-112)). Let a be (-2 + 5)*(0 - -4)/4. Suppose 123 = a*h - 5*i, b*i = -0*i. What is the units digit of h?
1
Let y(f) = -f**2 - f - 74. Let j be y(0). Let q = j + 51. Let c = 24 - q. What is the tens digit of c?
4
Let w(u) = -6*u + 2. Let d be w(1). Let t be d - (-2 + 6 + -2). What is the tens digit of 2*((-177)/t - 3)?
5
Let o(v) be the second derivative of v**4/6 - v**3/2 - 4*v**2 - 8*v. What is the tens digit of o(4)?
1
Let t(f) = -f**3 + 4*f**2 + 13*f - 5. What is the tens digit of t(-7)?
4
Suppose 2*h + 5 = 1. Let v be h/((-3)/(0 - 3)). What is the units digit of (-12)/(-8)*v/(-3)?
1
What is the units digit of (-10434)/(-12) - -6 - 2/4?
5
Let m(g) = -3*g + 10. Let d be m(8). Let h be 12/d*14*1. Let i = 43 + h. What is the tens digit of i?
3
Let r(n) be the second derivative of -n**6/120 -